{"id":276,"date":"2025-03-21T15:14:49","date_gmt":"2025-03-21T20:14:49","guid":{"rendered":"https:\/\/cablefuturotv.com.co\/?page_id=276"},"modified":"2025-03-21T16:22:02","modified_gmt":"2025-03-21T21:22:02","slug":"norma_crc","status":"publish","type":"page","link":"https:\/\/cablefuturotv.com.co\/?page_id=276","title":{"rendered":"NORMATIVIDAD CRC"},"content":{"rendered":"\n<div class=\"wp-block-group alignfull is-layout-flow wp-container-core-group-is-layout-1 wp-block-group-is-layout-flow\" style=\"margin-top:0;margin-bottom:0\">\n<div class=\"wp-block-columns alignfull is-not-stacked-on-mobile is-layout-flex wp-container-core-columns-is-layout-7 wp-block-columns-is-layout-flex\" style=\"margin-top:0;margin-bottom:0;padding-top:var(--wp--preset--spacing--40);padding-right:var(--wp--preset--spacing--40);padding-bottom:var(--wp--preset--spacing--80);padding-left:var(--wp--preset--spacing--40)\">\n<div class=\"wp-block-column is-layout-flow wp-block-column-is-layout-flow\">\n<div class=\"wp-block-columns is-layout-flex wp-container-core-columns-is-layout-6 wp-block-columns-is-layout-flex\">\n<div class=\"wp-block-column is-layout-flow wp-block-column-is-layout-flow\" style=\"flex-basis:66.66%\">\n<div class=\"wp-block-columns is-layout-flex wp-container-core-columns-is-layout-1 wp-block-columns-is-layout-flex\">\n<div class=\"wp-block-column is-layout-flow wp-block-column-is-layout-flow\">\n<h2 class=\"wp-block-heading has-text-align-center\"><mark style=\"background-color:rgba(0, 0, 0, 0)\" class=\"has-inline-color has-contrast-color\"><strong>Normatividad CRC<\/strong><\/mark><\/h2>\n\n\n\n<h2 class=\"wp-block-heading\"><\/h2>\n<\/div>\n<\/div>\n\n\n\n<div class=\"wp-block-columns is-layout-flex wp-container-core-columns-is-layout-2 wp-block-columns-is-layout-flex\">\n<div class=\"wp-block-column is-layout-flow wp-block-column-is-layout-flow\">\n<figure class=\"wp-block-image size-full\"><a href=\"https:\/\/www.crcom.gov.co\/sites\/default\/files\/normatividad\/00005397.pdf\" target=\"_blank\" rel=\" noreferrer noopener\"><img loading=\"lazy\" decoding=\"async\" width=\"261\" height=\"219\" src=\"https:\/\/cablefuturotv.com.co\/wp-content\/uploads\/2025\/03\/CRC1.png\" alt=\"\" class=\"wp-image-279\"\/><\/a><\/figure>\n<\/div>\n\n\n\n<div class=\"wp-block-column is-layout-flow wp-block-column-is-layout-flow\">\n<figure class=\"wp-block-image size-full is-resized\"><a href=\"https:\/\/www.crcom.gov.co\/sites\/default\/files\/normatividad\/00005337.pdf\" target=\"_blank\" rel=\" noreferrer noopener\"><img loading=\"lazy\" decoding=\"async\" width=\"238\" height=\"162\" src=\"https:\/\/cablefuturotv.com.co\/wp-content\/uploads\/2025\/03\/CRC2.png\" alt=\"\" class=\"wp-image-281\" style=\"width:282px;height:auto\"\/><\/a><\/figure>\n<\/div>\n\n\n\n<div class=\"wp-block-column is-layout-flow wp-block-column-is-layout-flow\">\n<figure class=\"wp-block-image size-full is-resized\"><a href=\"https:\/\/www.crcom.gov.co\/sites\/default\/files\/normatividad\/00005322.pdf\" target=\"_blank\" rel=\" noreferrer noopener\"><img loading=\"lazy\" decoding=\"async\" width=\"402\" height=\"364\" src=\"https:\/\/cablefuturotv.com.co\/wp-content\/uploads\/2025\/03\/CRC3-1.png\" alt=\"\" class=\"wp-image-284\" style=\"width:282px;height:auto\" srcset=\"https:\/\/cablefuturotv.com.co\/wp-content\/uploads\/2025\/03\/CRC3-1.png 402w, https:\/\/cablefuturotv.com.co\/wp-content\/uploads\/2025\/03\/CRC3-1-300x272.png 300w\" sizes=\"auto, (max-width: 402px) 100vw, 402px\" \/><\/a><\/figure>\n<\/div>\n<\/div>\n\n\n\n<div class=\"wp-block-columns is-layout-flex wp-container-core-columns-is-layout-3 wp-block-columns-is-layout-flex\">\n<div class=\"wp-block-column is-layout-flow wp-block-column-is-layout-flow\">\n<figure class=\"wp-block-image size-full\"><a href=\"https:\/\/www.crcom.gov.co\/sites\/default\/files\/webcrc\/noticias\/documents\/Resolucion%20CRC%205300%20de%202018.pdf\" target=\"_blank\" rel=\" noreferrer noopener\"><img loading=\"lazy\" decoding=\"async\" width=\"259\" height=\"338\" src=\"https:\/\/cablefuturotv.com.co\/wp-content\/uploads\/2025\/03\/CRC4.png\" alt=\"\" class=\"wp-image-285\" srcset=\"https:\/\/cablefuturotv.com.co\/wp-content\/uploads\/2025\/03\/CRC4.png 259w, https:\/\/cablefuturotv.com.co\/wp-content\/uploads\/2025\/03\/CRC4-230x300.png 230w\" sizes=\"auto, (max-width: 259px) 100vw, 259px\" \/><\/a><\/figure>\n<\/div>\n\n\n\n<div class=\"wp-block-column is-layout-flow wp-block-column-is-layout-flow\">\n<figure class=\"wp-block-image size-full\"><a href=\"https:\/\/www.crcom.gov.co\/sites\/default\/files\/normatividad\/00005321.pdf\" target=\"_blank\" rel=\" noreferrer noopener\"><img loading=\"lazy\" decoding=\"async\" width=\"259\" height=\"330\" src=\"https:\/\/cablefuturotv.com.co\/wp-content\/uploads\/2025\/03\/CRC5.png\" alt=\"\" class=\"wp-image-286\" srcset=\"https:\/\/cablefuturotv.com.co\/wp-content\/uploads\/2025\/03\/CRC5.png 259w, https:\/\/cablefuturotv.com.co\/wp-content\/uploads\/2025\/03\/CRC5-235x300.png 235w\" sizes=\"auto, (max-width: 259px) 100vw, 259px\" \/><\/a><\/figure>\n<\/div>\n\n\n\n<div class=\"wp-block-column is-layout-flow wp-block-column-is-layout-flow\">\n<figure class=\"wp-block-image size-full\"><a href=\"https:\/\/www.crcom.gov.co\/sites\/default\/files\/normatividad\/00005299.pdf\" target=\"_blank\" rel=\" noreferrer noopener\"><img loading=\"lazy\" decoding=\"async\" width=\"253\" height=\"302\" src=\"https:\/\/cablefuturotv.com.co\/wp-content\/uploads\/2025\/03\/CRC6.png\" alt=\"\" class=\"wp-image-287\" srcset=\"https:\/\/cablefuturotv.com.co\/wp-content\/uploads\/2025\/03\/CRC6.png 253w, https:\/\/cablefuturotv.com.co\/wp-content\/uploads\/2025\/03\/CRC6-251x300.png 251w\" sizes=\"auto, (max-width: 253px) 100vw, 253px\" \/><\/a><\/figure>\n<\/div>\n<\/div>\n\n\n\n<div class=\"wp-block-columns is-layout-flex wp-container-core-columns-is-layout-4 wp-block-columns-is-layout-flex\">\n<div class=\"wp-block-column is-layout-flow wp-block-column-is-layout-flow\">\n<figure class=\"wp-block-image size-full\"><a href=\"https:\/\/www.alcaldiabogota.gov.co\/sisjur\/normas\/Norma1.jsp?i=74862\" target=\"_blank\" rel=\" noreferrer noopener\"><img loading=\"lazy\" decoding=\"async\" width=\"247\" height=\"285\" src=\"https:\/\/cablefuturotv.com.co\/wp-content\/uploads\/2025\/03\/CRC7.png\" alt=\"\" class=\"wp-image-288\"\/><\/a><\/figure>\n<\/div>\n\n\n\n<div class=\"wp-block-column is-layout-flow wp-block-column-is-layout-flow\">\n<figure class=\"wp-block-image size-full\"><a href=\"https:\/\/colombiatic.mintic.gov.co\/679\/articles-62266_doc_norma.pdf\" target=\"_blank\" rel=\" noreferrer noopener\"><img loading=\"lazy\" decoding=\"async\" width=\"247\" height=\"274\" src=\"https:\/\/cablefuturotv.com.co\/wp-content\/uploads\/2025\/03\/CRC8.png\" alt=\"\" class=\"wp-image-289\"\/><\/a><\/figure>\n<\/div>\n\n\n\n<div class=\"wp-block-column is-layout-flow wp-block-column-is-layout-flow\"><\/div>\n<\/div>\n\n\n\n<hr class=\"wp-block-separator has-alpha-channel-opacity\"\/>\n\n\n\n<div class=\"wp-block-columns has-background is-layout-flex wp-container-core-columns-is-layout-5 wp-block-columns-is-layout-flex\" style=\"background-color:#eaeaea\">\n<div class=\"wp-block-column is-layout-flow wp-block-column-is-layout-flow\" style=\"flex-basis:33.33%\">\n<p class=\"has-contrast-color has-text-color has-link-color has-small-font-size wp-elements-58369d8cd59a3bd2a2769df5b68b9c22\"><strong>Comisi\u00f3n de Regulaci\u00f3n de Comunicaciones CRC<\/strong><\/p>\n\n\n\n<p class=\"has-contrast-color has-text-color has-link-color has-small-font-size wp-elements-26352bf49c619fbfe42288e17dc0a04b\"><strong>Direcci\u00f3n:<\/strong>\u00a0Calle 59A Bis No. 5-53 Edificio Link Siete Setenta Piso 9<\/p>\n\n\n\n<p class=\"has-contrast-color has-text-color has-link-color has-small-font-size wp-elements-167ea0818e6f70f38e1cbe9acc434c93\"><strong>L\u00ednea de atenci\u00f3n al cliente:<\/strong>\u00a03198300<\/p>\n\n\n\n<p class=\"has-contrast-color has-text-color has-link-color has-small-font-size wp-elements-dbf2bd4c645c24c91cea0a35f404aabe\"><strong>L\u00ednea Gratuita Nacional:<\/strong>\u00a001-8000919278<\/p>\n\n\n\n<p class=\"has-contrast-color has-text-color has-link-color has-small-font-size wp-elements-2de8f9f964adc13284bd80bc3f3fb76e\"><strong>Fax<\/strong>: 319 8301<\/p>\n\n\n\n<p class=\"has-contrast-color has-text-color has-link-color has-small-font-size wp-elements-19cb7a95a442fc31d5effc2556e01a9b\"><\/p>\n<\/div>\n\n\n\n<div class=\"wp-block-column is-layout-flow wp-block-column-is-layout-flow\" style=\"flex-basis:66.66%\">\n<figure class=\"wp-block-image size-full\"><img loading=\"lazy\" decoding=\"async\" width=\"203\" height=\"108\" src=\"https:\/\/cablefuturotv.com.co\/wp-content\/uploads\/2025\/03\/CRC_Colombia-1-e1742425472386.png\" alt=\"\" class=\"wp-image-62\"\/><\/figure>\n<\/div>\n<\/div>\n<\/div>\n\n\n\n<div class=\"wp-block-column has-background has-global-padding is-layout-constrained wp-block-column-is-layout-constrained\" style=\"background-color:#6969690d;flex-basis:25%\">\n<h3 class=\"wp-block-heading\" id=\"0-nuestros-planes-de-servicio-\"><mark style=\"background-color:rgba(0, 0, 0, 0);color:#224798\" class=\"has-inline-color\"><strong>NUESTROS PLANES DE SERVICIO<\/strong><\/mark><\/h3>\n\n\n\n<p class=\"has-contrast-color has-text-color has-link-color has-medium-font-size wp-elements-3a070963b4fdd57e5e30bfa1af100bdb\">En <strong>Cable Futuro <\/strong>sabemos que cada hogar y negocio tiene necesidades \u00fanicas. Por eso, ofrecemos una variedad de planes flexibles que se adaptan a ti.<\/p>\n\n\n\n<div class=\"wp-block-buttons alignwide is-content-justification-center is-layout-flex wp-container-core-buttons-is-layout-1 wp-block-buttons-is-layout-flex\">\n<div class=\"wp-block-button\"><a class=\"wp-block-button__link has-base-color has-text-color has-background has-link-color has-text-align-center wp-element-button\" href=\"https:\/\/cablefuturotv.com.co\/?page_id=2\" style=\"background-color:#4da4bf\"><strong>Ver planes de Servicio<\/strong><\/a><\/div>\n<\/div>\n\n\n\n<hr class=\"wp-block-separator has-text-color has-accent-4-color has-alpha-channel-opacity has-accent-4-background-color has-background is-style-default\" style=\"margin-top:var(--wp--preset--spacing--20);margin-bottom:var(--wp--preset--spacing--20)\"\/>\n\n\n\n<h3 class=\"wp-block-heading has-text-align-center\" id=\"1-normatividad-crc-\"><mark style=\"background-color:rgba(0, 0, 0, 0);color:#224798\" class=\"has-inline-color\"><strong>NORMATIVIDAD CRC<\/strong><\/mark><\/h3>\n\n\n\n<figure class=\"wp-block-image size-full is-resized\"><img decoding=\"async\" src=\"https:\/\/cablefuturotv.com.co\/wp-content\/uploads\/2025\/03\/CRC_Colombia-1.png\" alt=\"\" class=\"wp-image-62\" style=\"width:213px;height:auto\"\/><\/figure>\n\n\n\n<p class=\"has-contrast-color has-text-color has-link-color has-medium-font-size wp-elements-fae1113de1fefa8f72f44632c247ecc0\"><strong>Cable Futuro <\/strong>opera bajo las regulaciones de la<strong> CRC<\/strong> (Normativa de la Comisi\u00f3n de Regulaci\u00f3n de<br>Comunicaciones ), lo que garantiza la protecci\u00f3n de los consumidores y la competencia en el mercado de las telecomunicaciones.<\/p>\n\n\n\n<p class=\"has-text-align-center has-contrast-color has-text-color has-link-color wp-elements-4f1c94a749f12b58d4214fd269ea6b99\" style=\"font-size:clamp(14px, 0.875rem + ((1vw - 3.2px) * 0.49), 19px);\"><strong><mark style=\"background-color:rgba(0, 0, 0, 0)\" class=\"has-inline-color has-accent-4-color\"><a href=\"https:\/\/cablefuturotv.com.co\/?page_id=276\" data-type=\"link\" data-id=\"https:\/\/www.crcom.gov.co\/es\/normatividad\">Click para m\u00e1s informaci\u00f3n<\/a><\/mark><\/strong><\/p>\n\n\n\n<hr class=\"wp-block-separator has-text-color has-accent-4-color has-alpha-channel-opacity has-accent-4-background-color has-background is-style-default\" style=\"margin-top:var(--wp--preset--spacing--20);margin-bottom:var(--wp--preset--spacing--20)\"\/>\n\n\n\n<h3 class=\"wp-block-heading has-text-align-center\" id=\"2-protejamos-nuestros-ni%C3%B1os-y-adolescentes-\"><mark style=\"background-color:rgba(0, 0, 0, 0);color:#224798\" class=\"has-inline-color\"><strong>Protejamos nuestros ni\u00f1os y adolescentes<\/strong><\/mark><\/h3>\n\n\n\n<h3 class=\"wp-block-heading has-text-align-center\" id=\"3-denuncia-la-pornografia-infantil-\"><mark style=\"background-color:rgba(0, 0, 0, 0);color:#6b87c3\" class=\"has-inline-color\"><strong>DENUNCIA LA PORNOGRAFIA INFANTIL<\/strong><\/mark><\/h3>\n\n\n\n<figure class=\"wp-block-image aligncenter size-large is-resized\"><img decoding=\"async\" src=\"https:\/\/cablefuturotv.com.co\/wp-content\/uploads\/2025\/03\/DeWatermark.ai_1741801525843-Photoroom-1024x614.png\" alt=\"\" class=\"wp-image-88\" style=\"width:332px;height:auto\"\/><\/figure>\n\n\n\n<p class=\"has-text-align-center has-contrast-color has-text-color has-link-color wp-elements-62b2dd31dfd82b4bdf0a447353ca6e4d\" style=\"font-size:clamp(14px, 0.875rem + ((1vw - 3.2px) * 0.392), 18px);\"><strong><mark style=\"background-color:rgba(0, 0, 0, 0)\" class=\"has-inline-color has-accent-4-color\"><a href=\"https:\/\/cablefuturotv.com.co\/?page_id=254\" data-type=\"link\" data-id=\"https:\/\/www.crcom.gov.co\/es\/normatividad\">M\u00e1s informaci\u00f3n<\/a><\/mark><\/strong><\/p>\n\n\n\n<p class=\"has-contrast-color has-text-color has-link-color has-medium-font-size wp-elements-c3168af83bbb6315f01a599ed0e5863c\"><strong>Cable Futuro<\/strong> informa que no realiza ning\u00fan tipo de bloqueo de contenido salvo la que est\u00e1n estipulada en la Ley 679 de 2001, Decreto 1524 de 2002, Ley 1336 de 2009, Ley 1341 de 2009 , sin el Consentimiento del usuario.<\/p>\n\n\n\n<p class=\"has-contrast-color has-text-color has-link-color wp-elements-60bf8c67e2b6a9a3c02661d382b116e1\"><\/p>\n\n\n\n<p class=\"has-contrast-color has-text-color has-link-color wp-elements-60bf8c67e2b6a9a3c02661d382b116e1\"><\/p>\n\n\n\n<h3 class=\"wp-block-heading has-text-align-center\"><strong><mark style=\"background-color:rgba(0, 0, 0, 0);color:#224797\" class=\"has-inline-color\">Nuestra Ubicaci\u00f3n<\/mark><\/strong><\/h3>\n\n\n\n<iframe src=\"https:\/\/www.google.com\/maps\/embed?pb=!1m18!1m12!1m3!1d836.5002437185349!2d-74.64475688265657!3d4.20301976335742!2m3!1f0!2f0!3f0!3m2!1i1024!2i768!4f13.1!3m3!1m2!1s0x8e3edf019193120d%3A0x4b042a05cba815cd!2sCABLE%20FUTURO%20TV!5e0!3m2!1ses-419!2sco!4v1742568024751!5m2!1ses-419!2sco\" width=\"400\" height=\"300\" style=\"border:0;\" allowfullscreen=\"\" loading=\"lazy\" referrerpolicy=\"no-referrer-when-downgrade\"><\/iframe>\n\n\n\n<p class=\"has-contrast-color has-text-color has-link-color wp-elements-60bf8c67e2b6a9a3c02661d382b116e1\"><\/p>\n<\/div>\n<\/div>\n<\/div>\n<\/div>\n<\/div>\n\n\n\n<p><\/p>\n","protected":false},"excerpt":{"rendered":"<p>Normatividad CRC Comisi\u00f3n de Regulaci\u00f3n de Comunicaciones CRC Direcci\u00f3n:\u00a0Calle 59A Bis No. 5-53 Edificio Link Siete Setenta Piso 9 L\u00ednea de atenci\u00f3n al cliente:\u00a03198300 L\u00ednea Gratuita Nacional:\u00a001-8000919278 Fax: 319 8301 NUESTROS PLANES DE SERVICIO En Cable Futuro sabemos que cada hogar y negocio tiene necesidades \u00fanicas. Por eso, ofrecemos una variedad de planes flexibles que [&hellip;]<\/p>\n","protected":false},"author":1,"featured_media":0,"parent":0,"menu_order":0,"comment_status":"closed","ping_status":"closed","template":"","meta":{"ub_ctt_via":"","footnotes":""},"class_list":["post-276","page","type-page","status-publish","hentry"],"featured_image_src":null,"_links":{"self":[{"href":"https:\/\/cablefuturotv.com.co\/index.php?rest_route=\/wp\/v2\/pages\/276","targetHints":{"allow":["GET"]}}],"collection":[{"href":"https:\/\/cablefuturotv.com.co\/index.php?rest_route=\/wp\/v2\/pages"}],"about":[{"href":"https:\/\/cablefuturotv.com.co\/index.php?rest_route=\/wp\/v2\/types\/page"}],"author":[{"embeddable":true,"href":"https:\/\/cablefuturotv.com.co\/index.php?rest_route=\/wp\/v2\/users\/1"}],"replies":[{"embeddable":true,"href":"https:\/\/cablefuturotv.com.co\/index.php?rest_route=%2Fwp%2Fv2%2Fcomments&post=276"}],"version-history":[{"count":11,"href":"https:\/\/cablefuturotv.com.co\/index.php?rest_route=\/wp\/v2\/pages\/276\/revisions"}],"predecessor-version":[{"id":306,"href":"https:\/\/cablefuturotv.com.co\/index.php?rest_route=\/wp\/v2\/pages\/276\/revisions\/306"}],"wp:attachment":[{"href":"https:\/\/cablefuturotv.com.co\/index.php?rest_route=%2Fwp%2Fv2%2Fmedia&parent=276"}],"curies":[{"name":"wp","href":"https:\/\/api.w.org\/{rel}","templated":true}]}}